it of o?
5
Let q = 18798 + 8782. What is the hundreds digit of q?
5
Let n(o) = 4*o**2 - 6*o + 217. Let u(z) = -5*z**2 + 7*z - 218. Let m(l) = 7*n(l) + 6*u(l). Let a be m(0). Let w = a - -4. What is the tens digit of w?
1
Suppose -4*p = 2*h - 374, -184 = p - 3*p - 4*h. Suppose -i + p = 95. What is the units digit of 1*i/((-5)/85)?
7
Suppose -10*v + 505 = -9*v. Suppose 2*g - 3*p - v = 352, -5*p + 461 = g. Suppose b + 171 + g = 5*a, 2*b + 360 = 3*a. What is the tens digit of a?
2
Suppose 0*l - 3*l = -474. Suppose -3*w + 110 = 2*w + 3*a, 22 = w - 3*a. Suppose -l = -10*n + w. What is the tens digit of n?
1
Let f(t) = -172*t + 9. Let h be f(2). Let w = 176 - h. Suppose -11*o - w + 2095 = 0. What is the hundreds digit of o?
1
Suppose 11*q - 45*q = -152524. What is the thousands digit of q?
4
Let g(i) = 7*i**2 - 25*i + 70. Let u(l) = 16*l**2 - 56*l + 163. Let k(c) = -23*g(c) + 10*u(c). Let m = -14 + 29. What is the units digit of k(m)?
0
Let c(z) = 256*z - 56. Let n be c(29). Suppose -n = 18*m - 30*m. What is the tens digit of m?
1
Suppose 5*k - 10 = 0, -104 = 2*q + k + 4*k. Let o = q + 59. What is the tens digit of (0 - (o + 3))*92/(-10)?
4
Suppose 68 = -3*m + 53. What is the hundreds digit of (-15)/(120/(-5296)) - m?
6
Let f = -95 + 91. What is the hundreds digit of f - ((3 - 2) + -410 + 1)?
4
Suppose 6*b = 12*b. Suppose l - 5*u = 5*l - 643, b = 3*l - u - 506. What is the units digit of l?
7
Let n(y) = y**3 + 2*y**2 + y + 64. Let o = 66 - 66. Let t be n(o). Suppose 2*g + t = 4*g. What is the units digit of g?
2
Let r = -714 + 700. Let q(b) = 4*b**2 + 28*b - 79. What is the units digit of q(r)?
3
Suppose 2*a + 30 = 4*y, 4*a + 18 = -y + 2*y. Let o(j) = 12 - 2*j - 2 + 2 + 16 - 5. What is the tens digit of o(y)?
1
Let w be 2225/(-9) - (-22)/99. What is the hundreds digit of (-2)/13 - 62282/w?
2
Let j be 0/4 + 279 - -8. Suppose 5024 = 291*i - j*i. What is the tens digit of i?
5
Let c(x) = -3*x**2 - 13*x + 28823. What is the units digit of c(0)?
3
Let f = 75359 + -23811. What is the thousands digit of f?
1
Let m be 447/4*64/24. Suppose 17*q - 1318 = -m. What is the tens digit of q?
6
Let h = 28 - 23. Suppose -5*j + 5 = k, -4*k + 5 = -3*k - 3*j. Suppose h*r = -k*p + 240, -105 = -4*r + 2*r - 5*p. What is the tens digit of r?
4
What is the hundreds digit of (150150/154)/((-6)/(-44))?
1
What is the thousands digit of 12 + (-1448795)/(-50) + (-8)/(-80)?
8
Let q(x) = 38*x - 6. Let u be q(5). Let v = 124 - u. Let p = v - -94. What is the tens digit of p?
3
Suppose 4*c + 18 + 0 = 3*r, r - 4 = c. Let n(g) = 48*g**2 - 22*g - 106. What is the thousands digit of n(c)?
1
Suppose 41*r - 4550 = 617871. What is the hundreds digit of r?
1
Let x be (-2)/6 + ((-15280)/(-15))/(-4). Let a = 200 - x. What is the units digit of a?
5
Suppose -161*p = -163*p + 52. Suppose 6097 = -p*o + 33*o. What is the hundreds digit of o?
8
Let d(t) be the second derivative of t**7/84 + t**6/720 - t**5/60 - t**4/3 + 27*t. Let z(k) be the third derivative of d(k). What is the hundreds digit of z(2)?
1
What is the ten thousands digit of (-377196)/2*((-6)/48 - (-40)/(-192))?
6
Suppose 4*a - y - 285 = 0, -138 = 4*a + 3*y - 435. What is the units digit of 32043/27 + 16/a?
7
Let u(d) = -2*d**3 - 171*d**2 + 26*d + 107. What is the thousands digit of u(-88)?
6
Let i(v) be the second derivative of -11*v**3/6 + 45*v**2/2 + 15*v. Let d be i(6). Let q = d + 47. What is the units digit of q?
6
Let g(n) = -n**2 + 14*n - 19. Let r be g(12). Let v be -11 - r/(10/(-2)). Let d = v - -47. What is the tens digit of d?
3
Suppose 4*f = -5*k + 2030, 0 = -k + f - 5*f + 390. What is the tens digit of (45 - k)*2/(-10)?
7
What is the hundreds digit of 42/(-60)*2 + -1 + (-768711)/(-15)?
2
Suppose 0 = 2*x + q - 22095, 173*x - q = 176*x - 33145. What is the ten thousands digit of x?
1
Suppose 227940 = 10*s - 6*s - 14*o, 2*s + 3*o = 114050. What is the thousands digit of s?
7
Let d(o) = -329*o + 327*o + 101 - 7. What is the tens digit of d(29)?
3
Suppose -65801 = -2*f - u, 0 = 4*f + 24*u - 19*u - 131599. What is the units digit of f?
1
Let y be 134/10 - 2/(-15)*-3. Let p be y/(-78) - (-175)/6. Suppose 0 = 7*x + p - 99. What is the tens digit of x?
1
Suppose -182 + 709 = 3*v + 2*f, 4*v - 696 = -f. What is the tens digit of v?
7
Let v = -54 - -54. Suppose -d + 334 = 4*c + d, 3*c - d - 248 = v. Let o = -46 + c. What is the tens digit of o?
3
Let i be (-6 - -2) + 2 - -4252. What is the units digit of (5 - 2)/(30/i)?
5
Let a(z) be the second derivative of -26*z**3/3 - 24*z**2 - 6*z - 4. What is the units digit of a(-2)?
6
Let i(g) = 27*g - 10. Suppose 12 = 4*p - 32. What is the units digit of i(p)?
7
Let w(m) = -27*m - 30. Let t be w(-9). Suppose -f = 5*j - 237, f + j - t = 4*j. Let a = f - 117. What is the hundreds digit of a?
1
Let j(s) = -2*s - 20. Suppose 7 - 46 = 3*i. Let u be j(i). What is the units digit of ((-2)/4)/((-2)/u)*50?
5
Suppose -q + 5 = -3*g, -56 = -2*q + 3*g - 40. Suppose 2*y + 5*k = 378, -4*k = 2*y - q - 365. What is the hundreds digit of y?
1
Suppose -10 = 4*i + x, -5*i - 6*x = -2*x + 7. Let l(z) = -z**2 - 7*z - 6. Let k be l(i). What is the units digit of 34 + (4 - (k + 2))?
0
Suppose 0 = -2*t - x + 168577, 598032 = 5*t - 3*x + 176551. What is the units digit of t?
2
Let m be (-489)/(-2) - (-5)/(-10). Let g = 573 - m. What is the tens digit of (-28 - g)*(-4)/6?
3
Let b be -2*(4 - 12/4). What is the tens digit of 0/(-1) + 79 - b?
8
Suppose 0 = 21*w + 2283 + 1329. Let k = 369 - w. What is the tens digit of k?
4
Let r(p) = -25*p - 47. Let a be 66/154 + (-80)/7. What is the hundreds digit of r(a)?
2
Suppose -14*m + 3386 + 1052 = 0. Suppose 2*d - 26 = -o + m, 1735 = 5*o + 5*d. What is the hundreds digit of o?
3
Suppose 1 + 356 = g + 3*j, -4*j + 361 = g. Suppose 539*z = 534*z + g. What is the units digit of z?
9
Suppose -5*a = 5*k - 67270 - 117610, -4*a + 147907 = k. What is the hundreds digit of a?
9
Let f(r) = 12*r - 67*r**2 + 0*r + 72*r**2 + 8 + 5*r. Let y(u) = -3*u**2 - 9*u - 4. Let q(n) = -6*f(n) - 11*y(n). What is the units digit of q(-1)?
2
Suppose 0 = 2*w - 3*s - 13303 - 11827, w = -5*s + 12526. What is the units digit of w?
6
Let g(c) = -c**3 + 7*c**2 - c + 27. Suppose r + 2*o - 5 - 12 = 0, -5*r - 4*o + 55 = 0. What is the tens digit of g(r)?
2
Let j(t) = 11*t**3 - 16*t**2 - 50*t + 389. What is the hundreds digit of j(12)?
4
Let o(a) = a**3 - 9*a**2 - 10*a - 16. Let r be o(10). What is the tens digit of 12/r + 2123/4?
3
Suppose -4 = -0*u - 2*u. Suppose 2*c + 156 = -4*v, 3*v + 90 + 25 = -2*c. What is the tens digit of (-2)/(-4) - (v/u - -1)?
2
Suppose 4*d = -5*c + 3270, 631 + 659 = 2*c - 2*d. Let i = 1151 - c. What is the units digit of i?
1
Let m = 52 - 50. Let x(v) = 14*v**2 - 18*v**2 + m + v + 2*v**3 - 5*v**3. What is the tens digit of x(-4)?
2
Let p be 1/(-2)*(-190 + -5 + 1). Let w be (-5164)/(-30) + (-16)/120. Let q = w - p. What is the units digit of q?
5
Suppose 0 = -m + 10*m + 225. Let o be m/50 - (5206/(-4) - 1). Suppose 324 = -6*c + o. What is the tens digit of c?
6
Suppose 2*v + 6572 = -5*y + 45752, -y = 5*v - 7859. What is the thousands digit of y?
7
Let h be (-5 - (-21)/3) + (-4)/(-2). What is the hundreds digit of ((-3)/h)/(-3) - 63260/(-80)?
7
Suppose 4*u - 5*t + 14 = 62, -4*t = u - 12. Suppose -2*d = -a + 591, u*a - d = 8*a + 2371. What is the hundreds digit of a?
5
Suppose -831725 - 550184 = -77*t + 618782. What is the tens digit of t?
8
Let c = 48640 - -23204. What is the ten thousands digit of c?
7
Suppose 9 = 3*c, -2*q - 3*q - 4*c = -2762. Suppose -550 = -2*i + 2*w, 6*w - 3*w + q = 2*i. What is the hundreds digit of i?
2
Let m = -20963 + 53030. What is the thousands digit of m?
2
Let m = -322 + 3533. What is the units digit of m?
1
Suppose 0 = 6*n - 15*n + 3015. Let i = n + -243. What is the units digit of i?
2
Let t be (5 + 3)/(-16) - 1509/(-2). Suppose 0 = -y + 3*l + 248, -4*y = -y - 4*l - t. What is the hundreds digit of y?
2
Suppose 0 = -169*g + 974956 + 27890. What is the hundreds digit of g?
9
Let n(l) = 192*l + 660. What is the tens digit of n(22)?
8
Suppose 2*h + 0*r - 42 = -4*r, 6 = -2*r. Let m be (-10)/(-45) + 12090/h. Suppose -7*d + m = -3*d. What is the units digit of d?
2
Suppose 5*c - 5*q = -3070, 17*c + 3*q + 2428 = 13*c. Let f = 865 + c. What is the hundreds digit o